442 (base 10) to base 5.
-34232
What is 1001011101011000 (base 2) in base 7?
220646
466 (base 13) to base 5
11020
57023 (base 8) to base 10
24083
What is 1043 (base 13) in base 2?
100011001100
Convert -21010 (base 3) to base 4.
-3000
Convert 1828 (base 11) to base 5.
33304
Convert 32c (base 13) to base 3.
202012
-640 (base 8) to base 4
-12200
Convert 130550 (base 6) to base 16.
2e62
Convert -110010011001111 (base 2) to base 14.
-9595
-72 (base 9) to base 6
-145
Convert -30534 (base 10) to base 13.
-10b8a
Convert 173db (base 14) to base 12.
29971
-4a8 (base 12) to base 10
-704
35e6 (base 16) to base 2
11010111100110
-101123 (base 4) to base 14
-599
1343421 (base 5) to base 9
42345
Convert 2ad (base 14) to base 4.
20201
What is 1110021 (base 4) in base 5?
133020
What is 5ca (base 14) in base 11?
963
-8976 (base 11) to base 2
-10111000101100
Convert -303355 (base 6) to base 14.
-8b0b
6a8 (base 14) to base 7
3601
Convert -394a (base 16) to base 6.
-151522
What is -21b (base 12) in base 14?
-183
Convert 400110 (base 5) to base 9.
18162
Convert 2144 (base 11) to base 13.
139a
What is 72 (base 11) in base 6?
211
What is 21022 (base 4) in base 16?
24a
-62202 (base 7) to base 12
-8960
What is 38439 (base 10) in base 15?
b5c9
40131 (base 6) to base 16
1477
What is 233122 (base 5) in base 3?
102201012
What is -824 (base 10) in base 3?
-1010112
What is 2323 (base 6) in base 10?
555
Convert -f2b4 (base 16) to base 2.
-1111001010110100
What is bb4b (base 13) in base 2?
110010111101001
Convert 12122 (base 6) to base 16.
6f2
What is -dcd (base 15) in base 10?
-3118
Convert -10139 (base 14) to base 3.
-1222000222
What is -12530 (base 6) in base 4?
-132012
Convert 60765 (base 10) to base 16.
ed5d
What is -2884 (base 15) in base 8?
-20742
Convert -256253 (base 7) to base 2.
-1011101011000101
Convert cc (base 15) to base 6.
520
Convert 2245 (base 9) to base 10.
1661
412333 (base 6) to base 10
32961
What is 12288 (base 10) in base 9?
17763
-312543 (base 6) to base 12
-12753
What is -10112212 (base 3) in base 7?
-10355
1121333 (base 5) to base 11
14210
-330 (base 10) to base 9
-406
Convert 323442 (base 6) to base 13.
c22a
14688 (base 12) to base 4
12333020
What is 15990 (base 12) in base 6?
354300
Convert 17005 (base 9) to base 15.
36ce
What is -1014 (base 5) in base 2?
-10000110
1015 (base 11) to base 10
1347
Convert 3d45 (base 14) to base 16.
2a59
-1b9b (base 12) to base 4
-311213
What is 35a6 (base 14) in base 11?
7038
Convert 233211 (base 4) to base 13.
1503
Convert -6532 (base 7) to base 15.
-a51
2023 (base 6) to base 16
1bf
What is 11375 (base 9) in base 12?
4495
What is 15c (base 16) in base 8?
534
Convert -45385 (base 9) to base 10.
-30209
Convert -339 (base 11) to base 7.
-1116
Convert -2051 (base 8) to base 12.
-749
What is 159 (base 16) in base 3?
110210
-259 (base 14) to base 16
-1d7
Convert -2529 (base 13) to base 3.
-21020100
10033 (base 4) to base 12
1a7
What is 1366 (base 16) in base 14?
1b4a
Convert 399 (base 16) to base 2.
1110011001
What is -220521 (base 7) in base 11?
-27070
What is -238a2 (base 11) in base 9?
-52112
Convert 24324 (base 5) to base 16.
72f
112222 (base 3) to base 12
298
What is 12341 (base 5) in base 15?
44b
Convert -12151 (base 8) to base 4.
-1101221
What is -3 (base 6) in base 11?
-3
1110011120 (base 3) to base 8
67612
Convert 1200221 (base 3) to base 12.
874
-100102222 (base 3) to base 8
-15344
What is -6428 (base 10) in base 13?
-2c06
Convert -125 (base 9) to base 10.
-104
What is -78 (base 14) in base 4?
-1222
Convert 65263 (base 7) to base 3.
211022101
What is -66 (base 12) in base 2?
-1001110
Convert -30b0 (base 14) to base 9.
-12447
Convert -772 (base 14) to base 9.
-2015
232411 (base 6) to base 7
112243
Convert 121202010 (base 3) to base 12.
7093
11211001 (base 3) to base 7
13144
What is -127 (base 8) in base 2?
-1010111
-281 (base 11) to base 2
-101001011
6837 (base 12) to base 15
365d
What is 114312 (base 6) in base 12?
5998
34628 (base 10) to base 13
129b9
What is -10400 (base 7) in base 3?
-10120012
What is 4225 (base 6) in base 13?
584
What is 212232 (base 5) in base 14?
289a
What is 40a (base 13) in base 4?
22232
What is 2849 (base 11) in base 16?
e63
Convert 5140 (base 6) to base 16.
474
Convert -6365 (base 7) to base 13.
-1043
Convert -2705 (base 11) to base 14.
-13d0
-13302 (base 5) to base 12
-759
Convert 50202 (base 6) to base 3.
22222202
What is -10120210 (base 4) in base 2?
-100011000100100
What is -12230 (base 9) in base 2?
-10000000010000
-4236 (base 16) to base 5
-1020300
Convert -110000000 (base 3) to base 8.
-21054
What is 245c (base 14) in base 7?
24345
Convert 1541 (base 11) to base 15.
8c1
-3464 (base 13) to base 6
-54005
Convert 75 (base 14) to base 9.
124
13 (base 12) to base 16
f
What is -1678 (base 11) in base 2?
-100001011110
What is -1011111 (base 3) in base 16?
-352
What is 2442 (base 9) in base 15?
815
What is 102100 (base 3) in base 15?
156
22212 (base 5) to base 6
11113
-10302212 (base 4) to base 2
-100110010100110
What is 42267 (base 8) in base 2?
100010010110111
a493 (base 16) to base 10
42131
What is -110110110110 (base 2) in base 8?
-6666
What is -14461 (base 11) in base 16?
-5024
Convert 24230 (base 6) to base 7.
13224
155 (base 7) to base 8
131
Convert 104340 (base 5) to base 14.
14da
26274 (base 12) to base 10
52216
Convert 423a4 (base 11) to base 15.
13438
Convert 11010202 (base 3) to base 2.
101111001001
3b39 (base 14) to base 5
313224
Convert -13111 (base 9) to base 8.
-21207
Convert -22443 (base 5) to base 6.
-11303
Convert -1000000011100 (base 2) to base 5.
-112444
Convert 10456 (base 11) to base 14.
576a
What is 4422 (base 8) in base 11?
1821
Convert -174 (base 13) to base 7.
-525
Convert -46878 (base 10) to base 12.
-23166
What is -11330 (base 5) in base 6?
-3520
-61 (base 15) to base 11
-83
-700 (base 14) to base 13
-817
Convert 1100100111 (base 2) to base 14.
419
20200322 (base 4) to base 12
18222
4fd (base 16) to base 3
1202022
What is 10c6 (base 15) in base 14?
1425
What is 885 (base 10) in base 6?
4033
-4536 (base 7) to base 5
-23034
What is -58387 (base 10) in base 14?
-173c7
What is -75a (base 14) in base 4?
-112230
4412 (base 5) to base 6
2451
Convert -20222030 (base 4) to base 10.
-35468
What is -1e8 (base 16) in base 11?
-404
-1a14a (base 12) to base 15
-b4cd
Convert 13312 (base 7) to base 11.
2770
Convert -1101101010011 (base 2) to base 11.
-528a
What is -40888 (base 9) in base 14?
-9b88
Convert -61b (base 13) to base 6.
-4450
What is 83 (base 15) in base 2?
1111011
140071 (base 9) to base 4
110311231
Convert 1000000001000101 (base 2) to base 7.
164510
What is 3333 (base 5) in base 12?
330
What is -2000211 (base 3) in base 4?
-113020
Convert -32954 (base 10) to base 7.
-165035
bc6a (base 14) to base 10
32630
Convert -697 (base 16) to base 9.
-2274
1110111110 (base 2) to base 12
67a
20323 (base 4) to base 9
704
143 (base 12) to base 16
c3
Convert -1733 (base 15) to base 6.
-35050
Convert 211202111 (base 3) to base 12.
9727
Convert 1186 (base 12) to base 2.
11110110110
Convert -101110000 (base 2) to base 15.
-198
100100010111 (base 2) to base 16
917
What is 42651 (base 7) in base 14?
3c28
What is 11312 (base 6) in base 11?
1250
What is 2974 (base 12) in base 4?
1023220
Convert 168a (base 11) to base 7.
6166
What is 941 (base 12) in base 13?
7c6
What is 10510 (base 10) in base 4?
2210032
Convert -5c89 (base 14) to base 7.
-65132
-12272 (base 9) to base 4
-2000312
Convert -70a (base 15) to base 10.
-1585
274 (base 13) to base 2
110110001
What is 11403 (base 6) in base 16?
67b
Convert 2003 (base 9) to base 6.
10433
What is 2b3b1 (base 13) in base 14?
21c0c
Convert -3a (base 13) to base 8.
-61
10805 (base 9) to base 7
30014
Convert 103 (base 12) to base 8.
223
Convert -141 (base 9) to base 3.
-11101
What is 11a60 (base 11) in base 6?
211504
What is 145524 (base 7) in base 11?
1a369
Convert -5c9 (base 16) to base 10.
-1481
Convert 124422 (base 5) to base 14.
1b63
Convert -3003 (base 5) to base 2.
-101111010
What is 821 (base 14) in base 13?
95b
What is -296 (base 13) in base 5?
-3321
What is 6a4 (base 16) in base 7?
4646
What is 100103 (base 4) in base 7?
3020
Convert 18a2 (base 13) to base 8.
7141
-8216 (base 9) to base 4
-1131321
-1104 (base 7) to base 2
-110001100
